 - (-7 + 4) - -2)*-5. What is the units digit of 6/30 + (-2598)/h?
0
Suppose 5*n - 9*n = 0. Suppose -5*x = -n*x + 25. Let g = 0 - x. What is the units digit of g?
5
Suppose -12*k + 38 = -14*k. Let j = k - -70. What is the tens digit of j?
5
Suppose -1222 = -3*m - 397. Suppose -20 = 4*t, x - m = t - 5*t. What is the tens digit of x?
9
Let p be (12/(-10))/(8/(-40)). What is the units digit of p/(((-45)/70)/(-3))?
8
Let c = 6 - 15. Let n = c - -13. Suppose n*v + 2*q = 20, 4*q = -2*v - q + 18. What is the units digit of v?
4
Suppose -4*h + 8 = -108. Suppose 3*v + 12 = 0, 0 = -j + 2*v + 33 + h. What is the units digit of j?
4
What is the tens digit of (2/5)/((-10)/(-55175))?
0
Let z(g) be the third derivative of -g**4/24 + 5*g**3/6 - 12*g**2. Let w(c) = -c**2 + c + 1. Let a(u) = -2*w(u) + z(u). What is the units digit of a(2)?
5
Let j(a) = -13*a**3 + 11*a**2 + 8*a + 3. What is the hundreds digit of j(-3)?
4
Let l(s) be the first derivative of s**2/2 - 7*s - 19. What is the units digit of l(8)?
1
Suppose -5*w + 0*u + 35 = 5*u, -2*w + 2*u = -2. Suppose 3*t + 90 = k + 2*t, -w*k = 2*t - 372. What is the units digit of k?
2
Suppose 2*x = 3*i - x + 93, -x = 0. Let o = i + 45. Let u(v) = v**3 - 14*v**2 + 3*v - 14. What is the units digit of u(o)?
8
Let y(n) = -n**2 + 18*n - 2. Let p = -4 - -14. Let b be y(p). Let c = -52 + b. What is the tens digit of c?
2
Let z(y) = 5*y**2 + 4*y + 37. What is the tens digit of z(-10)?
9
Suppose 0 = -5*m + d - 11, -10 = 3*m - d - 3*d. Let i be (-1 - (4 + 1)) + 3. What is the units digit of i*m*20/12?
0
Suppose y + 5 = 0, 5*b - 2172 = b + 4*y. What is the hundreds digit of b?
5
What is the tens digit of (-41862)/(-54) - (7/(-9) - -1)?
7
Suppose -7*k + 819 = -1505. What is the tens digit of k?
3
Suppose 0 = -5*w + 4*w + 6. Let c be w*(-1)/(-2)*1. Suppose 44 - 2 = c*s. What is the units digit of s?
4
Suppose 0*b + 57 = 5*b + p, -b + 24 = -4*p. Suppose -v - 10 = -3*v. Suppose -4*i = v*r - i - 46, 2*i - b = -r. What is the units digit of r?
8
Let x be -1*6*390/36*-3. Let j = x - 112. What is the units digit of j?
3
Suppose 20*w - 35989 = -1969. What is the tens digit of w?
0
Suppose 11 - 1 = 5*g. Suppose 0*i - 2 = -g*h + i, 5*i = 20. What is the tens digit of h/(-6)*(-1 - 63)?
3
Let w(n) = n**3 - 12*n**2 + 11*n + 5. Let v be w(11). Let d(h) = 4 + 6 - 38*h**2 - v*h + 39*h**2. What is the tens digit of d(-5)?
6
Let m = -77 + 866. What is the tens digit of m?
8
Let s(m) = -238*m - 22. What is the tens digit of s(-3)?
9
Let x = 2476 - 1658. What is the hundreds digit of x?
8
Let u be (-4)/10*175/(-7). Let k(j) = j**2 - 11*j + 7. Let g be k(u). Let a(i) = i**2 + i - 1. What is the units digit of a(g)?
5
Let q(v) = -v**3 + v**2 - v + 543. Let j be q(0). Suppose -6*o = 51 - j. What is the tens digit of o?
8
Let i = -7 - -6. Let v be -1 - 5*(-5)/i. Let b = -8 - v. What is the tens digit of b?
1
Let s = -253 + 552. What is the hundreds digit of s?
2
Suppose 0 = -t, 4 = g + t + 2. Suppose -4*k - i = -3*k - 33, -g*k + i = -57. What is the tens digit of k?
3
What is the hundreds digit of (2 - (2 + 2 + 0)) + 560?
5
Suppose 4*m - 158 + 50 = 0. Let p(l) = 3*l - 1. Let o be p(6). Let s = m - o. What is the units digit of s?
0
Suppose -147*t + 142*t + 10 = 0. Suppose -2*r = 3*z - 32, 4*r - t = 5*z + 40. What is the units digit of r?
3
Let s(u) = -39*u**2 - u + 2. Let m be s(1). Let g = m + 12. What is the units digit of (-4)/g + 594/26?
3
Let w(p) = 20*p + 7. Let n be w(-6). Let z = -32 - n. What is the tens digit of z/6 - (-2)/(-4)?
1
Let d(o) = 436*o + 2. Let f be d(2). Suppose -4*a = -f + 310. Suppose -5*q - a = -8*q. What is the tens digit of q?
4
Let k(s) = -s**2 - s + 1. Let c be k(-2). Let w = 6 + c. Suppose -m = w*y - 3*m - 67, -3*y + 49 = m. What is the tens digit of y?
1
Suppose -4*i + 14 - 114 = 0. Let a = 43 + i. What is the units digit of a?
8
Let j(h) = 2*h**3 + 87*h**2 - 11*h + 52. What is the units digit of j(-43)?
4
Let o = -57 + 59. Suppose -4*d + o*x = -0*d - 426, d - 102 = 5*x. What is the tens digit of d?
0
Let a(n) = n**2 - 3*n - 82. What is the hundreds digit of a(-18)?
2
Suppose -2*r = -p + 8, 2*p = 7*p + 2*r - 4. What is the hundreds digit of p + 828/8 + 4/(-8)?
1
Let v(m) be the second derivative of -3/2*m**2 - 1/4*m**4 - m**3 + 0 - 1/20*m**5 - m. What is the units digit of v(-4)?
7
Suppose -3 = t, 0 = -w - 0*t + 4*t + 1323. What is the units digit of w?
1
Let p(x) = -58*x + 282. What is the tens digit of p(0)?
8
Let y = 9 - 8. Suppose -2*u + 0*b - y = -5*b, 2*u + b - 5 = 0. Suppose u = -5*l + 12. What is the units digit of l?
2
Let j(r) be the third derivative of -r**5/60 + 2*r**4/3 + 17*r**3/3 - 2*r**2. What is the units digit of j(15)?
9
Let x = 22 - 12. Suppose 13*b - 3 = d + 9*b, -3*d - 2*b + 19 = 0. Suppose x*n - 140 = d*n. What is the tens digit of n?
2
Suppose -16*q = -15*q + 468. Let t = 754 + q. What is the hundreds digit of t?
2
Let o(f) = -f**2 + 5*f + 8. Let n be o(6). Suppose 3*z - 80 = n*j, -3*j = 4*z - 5*z + 29. What is the units digit of z?
6
Let f(u) = u**3 + 7*u**2 + 5*u - 12. Let p be f(-5). Suppose 4 = 9*s - p*s. Let t(n) = -48*n + 2. What is the units digit of t(s)?
0
Suppose a + r = 14, 5*a - 70 = 2*r - 28. Suppose -3*g + 4*q + 23 = -87, 0 = -5*q - a. Suppose -s + g = -0*s. What is the tens digit of s?
3
Suppose -8*l + 652 = -100. Suppose 0 = 4*j - l - 194. What is the tens digit of j?
7
Suppose 0 = -76*z + 92*z - 18208. What is the hundreds digit of z?
1
Let j = 191 + 76. What is the tens digit of j?
6
Suppose 5*y = -3*v + 3626, 5*v - 1016 = 4*y - 3902. What is the units digit of y?
4
Suppose 0 = 5*c - 3*j - 4722, -2*c + 1702 = -3*j - 185. What is the units digit of c?
5
Suppose 0 = -3*l - 5*a + 2*a + 318, 4*l - 384 = 4*a. Let q = l - 58. What is the tens digit of q?
4
Suppose -2*j + 57 = j. Let l = -2 + j. What is the tens digit of l?
1
Let u = 2304 + -836. What is the units digit of u?
8
Suppose 0*i - 4*i = -12. Suppose 4 = -i*r + 4*r. Suppose 0 = -0*v - 2*v + t + 59, 5*v = -r*t + 141. What is the tens digit of v?
2
Suppose 1749 = 5*y + 2*n, -5*y + 6*n = 11*n - 1755. What is the hundreds digit of y?
3
What is the hundreds digit of (2/(-8) + 1855/(-28))*-2?
1
Let g(q) = 4*q - 77 + 0*q + q**2 + q**3 - 2*q**3 - 5*q. Let h be g(0). Let p = 110 + h. What is the units digit of p?
3
Suppose -2*r - p = -2 - 8, -2*p = -4*r + 28. What is the tens digit of ((40/r)/(-5))/(1/(-117))?
5
Suppose 6*i = 10*i - 2*h - 1228, 608 = 2*i + 2*h. What is the hundreds digit of i?
3
Suppose -d + 2030 = u, 2*d = 4*u + 7*d - 8121. What is the tens digit of u?
2
Let a(y) = -9*y - 30. Let g(q) = -q**3 + 4*q - 5. Let p be g(0). What is the units digit of a(p)?
5
Let t be (-2)/(-4) + (3 - 27/6). Let d = 167 - t. What is the units digit of d?
8
Let p(m) = -7*m + 23. Let h be p(-8). Suppose 2*y + 31 = h. What is the tens digit of y?
2
Suppose 0 = -4*j + 10 - 38. Let g = -1 - j. Suppose -g*h + 107 = -85. What is the tens digit of h?
3
Suppose 78 = b + 2*b. Let t = 4 - 4. Suppose t = -p + 3*g + b - 4, 72 = 4*p + 4*g. What is the tens digit of p?
1
Suppose 0 = -g + 4*g + 3. What is the tens digit of 73/(g + 0 + 2)?
7
Suppose 39*o = 40*o - 519. What is the tens digit of o?
1
Let l be (-30 - -50)*((-22)/(-10) - -1). Let z = 117 - l. What is the tens digit of z?
5
Suppose -5*s + 3895 = 7*m - 12*m, -5*s + 2*m + 3895 = 0. What is the tens digit of s?
7
Let j be 38*(-3 - (-3)/2). What is the units digit of 4/38 + (-450)/j?
8
Suppose -3*y - 22 = -5*y. Suppose -t + 66 = -y. Suppose -o + 5 = -2*n + 2, 0 = -4*o - 5*n + t. What is the units digit of o?
3
Let k = -14 + 19. Suppose -k*c + 968 = 173. What is the tens digit of c?
5
Let p(j) = -j**3 - 5*j**2 + 3*j - 14. Let v be p(-6). Suppose 0 = 11*h - v*h - 476. What is the units digit of h?
8
Suppose -33*w = -42*w + 16416. What is the hundreds digit of w?
8
Suppose -27*u = -8*u - 69616. What is the hundreds digit of u?
6
Suppose -6*l + 4040 = 2*l. What is the hundreds digit of l?
5
Suppose 4*y = -0*q + q - 9, 2*y - 4*q - 6 = 0. Let v = 2 - y. Let k(b) = 2*b - 6. What is the units digit of k(v)?
4
Let r = 3176 - 1582. What is the units digit of r?
4
Let w(r) = 8*r - 16. Let a be w(6). Let i = 63 - a. Suppose -i = -o + 4*b, 0*b = -3*o - 4*b + 157. What is the units digit of o?
7
Let j(n) 